s(k) be the second derivative of k**3/3 - 17*k**2/2 + k. Let n = 119 + -110. What is the units digit of s(n)?
1
Let c be (60/(-9))/(-5)*-3. What is the units digit of (-6)/c*(-72)/(-6)?
8
Let u(d) = -605*d**3 + 8*d + 8. What is the tens digit of u(-1)?
0
Suppose -4*t + 12 = -5*h + 29, t + 5*h - 27 = 0. Suppose -2*g - 266 = -5*m, 3*m + t*g - 112 = m. What is the units digit of (34/6)/(6/m)?
1
Suppose 7*s - 1657 = 1934. What is the tens digit of s?
1
Suppose -o + 3*o = 6. Suppose o*x - 4*g - 367 = 0, -x = -g - 0*g - 122. Suppose -4*h + d = -x, -2*h - 3*h + d = -150. What is the units digit of h?
9
Let w(u) = -u + 13. Let a be w(8). Suppose 73*z - 24 = 69*z. Suppose z*t - 9 = a*t. What is the units digit of t?
9
Suppose 0 = -2*q - 2*p + 12, -3*q + 3*p = 27 - 75. Suppose -6 = 3*d + 6. Let b = d + q. What is the units digit of b?
7
Let l = 6 - -30. Suppose -3*p = p + l. What is the units digit of 30/14 - p/(-63)?
2
Let r(g) = -196*g - 15. Let c be r(-10). Let u be c/45 + 4/(-18). Let z = 63 - u. What is the tens digit of z?
2
Let f(a) = -13*a**3 - 5*a**2 + 3*a. Let t be f(-4). Suppose 9 = -3*i, -i - 4*i - t = -5*q. What is the units digit of q?
5
Suppose 1036 = l - 3*p, 4*l + 1031 = 5*l - 2*p. What is the units digit of l?
1
Suppose j = -2*m + 218, 4*m = -j + 2*j - 242. Suppose -2*k - j = -3*b, 2*b - 168 = -k - 2*k. What is the tens digit of b?
7
Let l(h) = h**2 + 8*h + 9. Let d be l(-6). Let g be -3*(0 + 14/d). Suppose 0 = -3*p + p + g. What is the units digit of p?
7
Let v = -106 + 408. What is the hundreds digit of v?
3
Suppose -5*t + s + 2 + 29 = 0, 5 = -t + 3*s. Suppose 4*c = 3*q + 491, 2*q - t*q = 2*c - 239. What is the tens digit of c?
2
Let y = 2 + 6. Suppose -s - 11 = 2*s + 4*i, s = -5*i - 22. Suppose y*o - 85 = s*o. What is the tens digit of o?
1
Let t = 23 + -22. Let w be (t/3)/(2/12). Suppose -w*r + 1 + 27 = 0. What is the tens digit of r?
1
Let m(u) = 3*u**2 - 3*u - 1. Let n(r) = 1. Let x(i) = m(i) - n(i). Suppose 8 = -3*h - h. What is the tens digit of x(h)?
1
Let a = 6 + -6. What is the tens digit of (a - 5/(-25))*145?
2
Suppose 18 = 7*i - 4*i. Let p = -6 + i. Suppose 2*g = -4*j - p*g + 144, 0 = -j + 5*g + 25. What is the tens digit of j?
3
Let l(k) = 2*k**2 - 29*k + 10. Let o(w) = -w**2 + 25*w + 41. Let h be o(26). What is the tens digit of l(h)?
2
What is the tens digit of (-241 + 1)*(-1470)/525?
7
What is the units digit of 93 - (2 - 4 - -1)?
4
Suppose -4*c = -3*c - 6. Suppose -12 = -d - c. Let n(x) = x**2 - 4*x. What is the units digit of n(d)?
2
Let h = 67 + -4. What is the tens digit of h?
6
Let a(q) = q - 1. Let b be a(5). What is the units digit of 231/6 - 2/b?
8
Let x(w) = -w - 3. Let k be x(-5). Suppose 0*t = -k*q - 2*t + 216, -q + 5*t = -120. What is the units digit of q?
0
Suppose 1004 = 13*q - 10865. What is the tens digit of q?
1
Let v = 248 + -68. Suppose -11*g + v = -5*g. What is the units digit of g?
0
Let n(d) = -d**2 - 14*d + 2. Let f be 164/(-14) - (16/7)/8. What is the tens digit of n(f)?
2
Suppose 5 = 2*i - 23. Let c(o) = -o**2 + 28*o - 2. Let z be c(i). Let d = z + -136. What is the units digit of d?
8
Suppose -4*p - 3*p = -4277. Suppose -167 + p = 6*z. What is the units digit of z?
4
Suppose 7*t - 2546 + 467 = 0. What is the tens digit of t?
9
Suppose 2*l + 3*l - 8272 = -3*r, 5*r - 13794 = -l. What is the thousands digit of r?
2
Suppose -6*t + 2*t = -592. Let i = t - 116. What is the tens digit of i?
3
Let p(y) = 18*y**2 + 4*y - 1. Let t be (-27)/33 + 1 + 35/(-11). What is the hundreds digit of p(t)?
1
Let g = -390 - -455. What is the tens digit of g?
6
Suppose -5*z - 4*m + 342 = -3826, 0 = z - m - 830. What is the hundreds digit of z?
8
Suppose -440 = 5*a + 760. Let l = -127 - a. What is the units digit of l?
3
Let l be (-21)/(-3) + -4 + -1. Suppose l*w = 890 - 304. What is the tens digit of w?
9
Suppose -9*s + 21*s = 5280. What is the tens digit of s?
4
Suppose 0 = 3*y + 15, y = -0*v - 2*v + 7. Let w(s) = -s + 20. What is the units digit of w(v)?
4
Suppose -5*y - 36 = -4*w - 3, -3 = -4*w - y. Suppose -w*g + g = -215. What is the hundreds digit of g?
2
Let a(w) = 29*w**3 - 3*w**2 + w - 2. What is the hundreds digit of a(2)?
2
Suppose -5*b - 2*k + 19686 = 0, -b = -4*k - 4396 + 450. What is the units digit of b?
8
Suppose n + 4 + 6 = 0. Let t(i) = i**3 + 9*i**2 - 11*i - 5. Let a be t(n). Suppose -l + 5 = 0, 5*o + a*l - 18 = 157. What is the tens digit of o?
3
Let m(l) = -510*l + 210. What is the hundreds digit of m(-4)?
2
Let q(s) = -398*s - 83. What is the units digit of q(-7)?
3
What is the tens digit of 8 + -10 + -30*112/(-6)?
5
Let j(s) = 18*s + 886. What is the tens digit of j(53)?
4
Suppose 4*u + u + i = 2373, 5*i = 3*u - 1407. What is the hundreds digit of u?
4
Suppose 0 = 8*r + 185 - 5161. What is the hundreds digit of r?
6
Suppose q = 14 - 8. Let p be 12*(9/q + -2). Let s(x) = -x**2 - 9*x - 6. What is the tens digit of s(p)?
1
Suppose -a = -5*n + 103, 5*n = 3*n - 2. What is the units digit of (3/2)/((-1)/a)?
2
Suppose -2*a + 3*z + 15 = a, 3*a - 5 = -2*z. Suppose 0 = -a*n - 0*n + 30. What is the tens digit of n?
1
Suppose -3*f + 0*f = -5*w - 748, 246 = f - w. Let t = f + -127. What is the hundreds digit of t?
1
Let r be (2/28*8)/(4/14). Let t = 70 + -39. Suppose t + 31 = r*q. What is the tens digit of q?
3
Let n(u) = 2*u**2 + 7*u - 2. Let p be (-1)/(0 + 4/20). What is the units digit of n(p)?
3
Suppose 4*j + 2*r = r, j + 4*r = -15. Suppose -16 + j = -n. What is the units digit of n?
5
What is the tens digit of (-196)/(-6)*(10 + 136/(-16))?
4
Let v(o) = 2*o**2 - 4*o - 5. Let t be v(-4). Let z be (-50)/2 - 0/(-2). Let i = z + t. What is the tens digit of i?
1
Let b(l) = l**3 - 3*l**2 - 2*l - 6. Let o be b(3). Let p = -2 - o. What is the units digit of 0/p - 1*-17?
7
Suppose 79*j - 14271 = 74*j + t, -2*t = -2*j + 5710. What is the hundreds digit of j?
8
Suppose 0 = 3*x - 0*x + 9, 5*x + 31 = 2*y. Let g(m) = m**2 + 1. Let s(r) = r**2 + 12*r - 9. Let t(n) = -2*g(n) + s(n). What is the units digit of t(y)?
1
Let m(i) be the second derivative of -5*i**5/4 + i**4/6 + i**3/3 + i**2/2 - 4*i. Suppose 3*g = 2*n - 5, 5*g - n + 1 + 5 = 0. What is the units digit of m(g)?
6
Let m(k) = -3*k**3 - 19*k**2 - 2*k - 44. What is the units digit of m(-8)?
2
Let k be (-4)/4 + -10 - 3. What is the units digit of 48/k*(-28)/6?
6
Let r = 38 + -31. Suppose 5*p + 74 = y + r*p, 4*p - 228 = -3*y. What is the units digit of y?
0
Let i be (-2)/(-3) + (-25)/(-3). Suppose 0*y = -3*y + i. Suppose -y*x + 27 = 3*j - 6*x, 3*x = j - 17. What is the units digit of j?
5
Suppose -43*g = -38*g - 30. Let b(s) be the second derivative of s**5/20 - s**4/2 + 5*s**3/6 - 4*s**2 - s. What is the tens digit of b(g)?
2
Let z = -35 - -35. Suppose 5*t - 117 - 123 = z. What is the tens digit of t?
4
Suppose 5*d - 10 = 0, 2*j - j + 2*d - 20 = 0. Let x = j - 22. What is the units digit of (-16)/(-3)*(x + 12)?
2
Let x = -253 + 364. Suppose 118 + 52 = h + 3*b, -h + 210 = -5*b. Suppose 0*r = 3*r - 4*l - x, -5*r + h = 5*l. What is the tens digit of r?
3
Let z(l) = -l + 1. Let d(s) = -18*s + 10. Let m(r) = 2*d(r) - 18*z(r). What is the tens digit of m(-1)?
2
Suppose -8*s + 1411 = -29. What is the units digit of s?
0
Let n = -45 - -48. Let u(q) = 8*q**3 - 3*q - 1. What is the units digit of u(n)?
6
Suppose v - 201 - 140 = 5*t, -2*t = 2*v - 658. What is the units digit of v?
1
Let b be (240/25)/((-3)/(-15)). Let c = 91 - b. What is the tens digit of c?
4
Suppose -2*x - d = -960, -2*d = 3*x + 697 - 2136. What is the tens digit of x?
8
Let d(x) = -x**2 + 3*x - 1. Suppose 17 = 4*p - 3. Let s be d(p). What is the units digit of 1 - s/((-44)/(-48))?
3
Suppose 0*d + 2*d = 4. Suppose -1 - 4 = d*v + 3*r, 0 = 3*v - r - 9. Suppose -24 = -k + 5*j, -v*k = j - 38 - 21. What is the tens digit of k?
2
Let w = 684 - 511. What is the tens digit of w?
7
Let a(g) = 724*g**3 - g**2 + 3*g - 2. What is the hundreds digit of a(2)?
7
Suppose 5*c = 6*c - 28. Suppose n + 3*z + 1 = 5*n, 2*n - c = -4*z. Suppose 2*i - n*o - 10 = 0, -2*i - i - 4*o = -15. What is the units digit of i?
5
Suppose -1080 = -0*k - 5*k - 5*l, 0 = 2*k - 4*l - 456. What is the tens digit of k?
2
Let q(p) = 12*p**3 + 3*p**2 + 3*p. Let z be q(-2). Let i = z + 156. What is the tens digit of i?
6
Let x(w) = 11*w + 109. Wh